s 3385 - 196b?
1919
In base 12, what is -1369272 - 0?
-1369272
In base 9, what is 11 + -87614?
-87603
In base 8, what is 5772513 - 15?
5772476
In base 16, what is f + -d19a?
-d18b
In base 11, what is 6 + -10989704a?
-109897044
In base 11, what is -23a01 - -332?
-2367a
In base 6, what is -10 - 24541205533?
-24541205543
In base 9, what is -2214128 + 150?
-2213868
In base 11, what is 1a95 + 29064?
30049
In base 16, what is -3eb17 + 13?
-3eb04
In base 7, what is 334 - -5244356?
5245023
In base 5, what is -3 - -20442100232?
20442100224
In base 9, what is -61 + 1208842?
1208771
In base 8, what is -2 - -24737624?
24737622
In base 12, what is -b555803 - -3?
-b555800
In base 8, what is -217 + 525767?
525550
In base 14, what is -14c6cd5 - 0?
-14c6cd5
In base 14, what is -1 - 250773?
-250774
In base 11, what is -675a + 15463?
9804
In base 15, what is -6 + -1738e4?
-1738ea
In base 10, what is -32831 - 4689?
-37520
In base 10, what is -282058 - 136?
-282194
In base 4, what is -11 + -1220101000332?
-1220101001003
In base 9, what is -3137 + 10420?
6272
In base 16, what is 29c - -438b?
4627
In base 5, what is 1222330 + -223?
1222102
In base 6, what is 10 - 25025355?
-25025345
In base 3, what is 2021221112202000 + 11?
2021221112202011
In base 16, what is -3 - -d9f2c7?
d9f2c4
In base 3, what is 1101011221001211 - -10?
1101011221001221
In base 11, what is -2 + -96675624?
-96675626
In base 12, what is -4a91 + 42876?
399a5
In base 7, what is 1153 + 143611?
145064
In base 11, what is 10 - 19724248?
-19724238
In base 12, what is 3b - -14a64a?
14a689
In base 3, what is -122 + 212222210010?
212222202111
In base 16, what is -26a521f - 4?
-26a5223
In base 10, what is -376695 - -898?
-375797
In base 6, what is 3 - 221504031?
-221504024
In base 8, what is 4 - 7123331?
-7123325
In base 16, what is b6 - 85467?
-853b1
In base 10, what is 103495163 - -2?
103495165
In base 8, what is -4034224024 - 3?
-4034224027
In base 4, what is -203332123211 - -1?
-203332123210
In base 12, what is -24 - 3ba7218?
-3ba7240
In base 10, what is -246984903 - -4?
-246984899
In base 6, what is 14 + -1122133112?
-1122133054
In base 14, what is 65 + -1626a02?
-162697b
In base 2, what is -1100010110001001010110100000 + 1?
-1100010110001001010110011111
In base 8, what is 42032 + 7430?
51462
In base 16, what is -4eb - 2a7a?
-2f65
In base 6, what is 2 - -230342022?
230342024
In base 10, what is -204 + 75062?
74858
In base 8, what is 103516442 + 0?
103516442
In base 6, what is -2354 + 25144421?
25142023
In base 11, what is 230 + -17472?
-17242
In base 13, what is -4 + 2b75147?
2b75143
In base 11, what is 63428 - -42?
6346a
In base 13, what is b - a6b63?
-a6b55
In base 11, what is 48a7167 + -4?
48a7163
In base 10, what is -127659 - 753?
-128412
In base 12, what is 9b6 + 37293?
38089
In base 11, what is -2962 + -3688?
-653a
In base 16, what is 6 - 1563432?
-156342c
In base 16, what is f + 408dc?
408eb
In base 12, what is 1a4b0856 + -7?
1a4b084b
In base 9, what is -10404 + 86272?
75767
In base 8, what is 42541315 - 0?
42541315
In base 12, what is -3787a1 - -2?
-37879b
In base 8, what is -1333457 + -40?
-1333517
In base 11, what is 1383a3 - -128?
138520
In base 7, what is 6554 + -56?
6465
In base 10, what is 14 - 3692205?
-3692191
In base 15, what is -61d553 - -3e?
-61d514
In base 16, what is -5 - e1b020?
-e1b025
In base 14, what is 5 + 465d88?
465d8d
In base 14, what is -1 + -6dd1b3?
-6dd1b4
In base 10, what is 143 - 1069717?
-1069574
In base 12, what is -7a23a3 + 18?
-7a2387
In base 4, what is 212332302 + -122?
212332120
In base 7, what is 441 + 6565110?
6565551
In base 4, what is -2333030 + -22203102?
-31202132
In base 3, what is 210112 - -11110210102?
11111120221
In base 7, what is 360 - -40633162?
40633552
In base 16, what is 28 + a2642?
a266a
In base 7, what is -53125264 - -14?
-53125250
In base 4, what is -111010 + -12103100?
-12220110
In base 14, what is 28 - -2b022?
2b04a
In base 15, what is -1e5 + -193b?
-1b31
In base 12, what is 48 + 823000?
823048
In base 15, what is 21e5d73 + 26?
21e5d99
In base 10, what is 14 - 18355162?
-18355148
In base 7, what is -13432 + -10355?
-24120
In base 12, what is -3 - -2406644?
2406641
In base 7, what is -44016 + 24062?
-16624
In base 12, what is 4a8 - 703b78?
-703690
In base 3, what is 1201111220120 - 1?
1201111220112
In base 14, what is 5 + -3a6c2?
-3a6bb
In base 3, what is -1010021110121212 - 112?
-1010021110122101
In base 8, what is -30515 - 4331?
-35046
In base 14, what is d5c6ac + -c?
d5c6a0
In base 13, what is -95a9c7 - -2?
-95a9c5
In base 3, what is -10121 - -2011001021?
2010220200
In base 16, what is 53a3b9 + 2?
53a3bb
In base 15, what is 4 + 381746?
38174a
In base 12, what is a16 - -4873?
5689
In base 12, what is -14796a7 - -1?
-14796a6
In base 2, what is -110011110000100111100 + 10111?
-110011110000100100101
In base 15, what is -20c68 - db?
-20d54
In base 12, what is -9 - 24787a2?
-24787ab
In base 5, what is -134230210 - -1430?
-134223230
In base 11, what is 446aa414 + 8?
446aa421
In base 11, what is -21 + -1a2481?
-1a24a2
In base 16, what is 1b3e - d9b?
da3
In base 4, what is -101321221 - -12113?
-101303102
In base 2, what is 1010101010111101111 - -1000101011?
1010101100000011010
In base 16, what is -2dd7 + -2533?
-530a
In base 8, what is 1 + -153322131?
-153322130
In base 5, what is 1101 + -41340240?
-41334134
In base 11, what is 47633244 + -7?
47633238
In base 6, what is -11023252523 + 2?
-11023252521
In base 5, what is 0 + 11010433222?
11010433222
In base 12, what is -1 + -29490785?
-29490786
In base 7, what is 15536 - 21340?
-2501
In base 4, what is 103 - 2221233221013?
-2221233220310
In base 7, what is -435223230 - -2?
-435223225
In base 13, what is -2c19c + 11?
-2c18b
In base 8, what is 0 - 406514714?
-406514714
In base 4, what is 33 + -2311003011?
-2311002312
In base 12, what is -260 + 6a19?
6779
In base 2, what is 110011001001 - -100111110?
111000000111
In base 14, what is 35bc913 + -13?
35bc900
In base 8, what is -635 - 425611?
-426446
In base 15, what is -7e985 - 51?
-7e9d6
In base 13, what is -21 - 972890?
-9728b1
In base 13, what is -263 + -121b8?
-1244b
In base 8, what is -23145461 + -5?
-23145466
In base 14, what is -4cc4d + 8b9?
-4c374
In base 16, what is -3e - -8180?
8142
In base 7, what is -423 + 13625424?
13625001
In base 6, what is 152223 - -4153?
200420
In base 11, what is -5794 + -314?
-5aa8
In base 16, what is -1 - 214eba?
-214ebb
In base 12, what is -4333 - 81a?
-4b51
In base 11, what is 39 + -1863526?
-1863498
In base 14, what is 3 + b6c322a?
b6c322d
In base 2, what is 1010000111 - -11000001101110000?
11000010111110111
In base 5, what is -2304 + -211200?
-214004
In base 2, what is 100010101100101110100111 + -10011?
100010101100101110010100
In base 16, what is -55fbc - 7?
-55fc3
In base 6, what is 0 - -3033303233?
3033303233
In base 13, what is -b44a6a - 2?
-b44a6c
In base 13, what is cbc - 9c6?
2c6
In base 3, what is 10020020221 + 112221?
10020210212
In base 2, what is 1010100110101011000000 - -110?
1010100110101011000110
In base 10, what is 114 + 3775077?
3775191
In base 13, what is -89396 + -2a2?
-89668
In base 7, what is -146542151 + 4?
-146542144
In base 6, what is -1222034130 + 1?
-1222034125
In base 11, what is 281 + -32287?
-32006
In base 5, what is -14403 - 140403?
-210311
In base 5, what is -3014034 - -220223?
-2243311
In base 10, what is 58004928 - 1?
58004927
In base 12, what is 627b3 + 104?
628b7
In base 2, what is 10010100000101 - -100101010110?
10111001011011
In base 2, what is -101110011010 + -10011110111000?
-11001101010010
In base 16, what is -4f9472 - 1?
-4f9473
In base 14, what is -6 - -10522d3?
10522cb
In base 9, what is -565003237 + -1?
-565003238
In base 12, what is -6a21b - -4a8?
-69933
In base 14, what is -32 - 6dad52?
-6dad84
In base 16, what is 40122b + 51?
40127c
In base 10, what is 114 + -89268?
-89154
In base 9, what is -632624 - 71?
-632705
In base 7, what is -16655562 + 301?
-16655261
In base 10, what is -450372 - 17?
-450389
In base 12, what is 3 + -33a7441?
-33a743a
In base 4, what is 32231 + 100212112?
100311003
In base 15, what is 18a6e4 + 6?
18a6ea
In base 13, what is 1 - 256844?
-256843
In base 10, what is -12222 - 11743?
-23965
In base 6, what is 455 - -14313?
15212
In base 8, what is -2